53992801 prime?
False
Is 113505823 a composite number?
True
Is 48917699 composite?
True
Is 77183341313 composite?
True
Is 5607069593 composite?
True
Is 5230045679 a prime number?
True
Is 1911201631 a prime number?
False
Is 33318192859 a composite number?
True
Is 13124536301 a composite number?
True
Is 1460922091 a prime number?
False
Is 298578233 composite?
False
Is 714586033 prime?
False
Is 1297493753 prime?
True
Is 1416710987 a prime number?
False
Is 143483503109 composite?
False
Is 5758808789 a prime number?
False
Is 58330787 composite?
False
Is 416457098 a prime number?
False
Is 509427461 a prime number?
False
Is 74351319959 a composite number?
True
Is 9741185681 a composite number?
True
Is 1765822573 a prime number?
False
Is 22124677 a composite number?
False
Is 411292709 composite?
True
Is 113590583453 a composite number?
True
Is 8814279437 a composite number?
True
Is 116850583 a prime number?
True
Is 31209917 a prime number?
False
Is 1047761359 a prime number?
True
Is 3652149509 a prime number?
True
Is 24100134697 prime?
True
Is 34461621167 a prime number?
True
Is 1651102111 a composite number?
False
Is 2733357017 composite?
True
Is 15309014223 composite?
True
Is 1558873723 a composite number?
True
Is 1117652329 composite?
False
Is 1133439299 a composite number?
False
Is 193615 composite?
True
Is 7355973133 prime?
False
Is 26542050317 prime?
False
Is 1948033853 composite?
False
Is 141961789 composite?
True
Is 15324758931 prime?
False
Is 2114793691 prime?
False
Is 910955834 a composite number?
True
Is 26924291929 prime?
False
Is 4882424083 composite?
True
Is 669669030527 a prime number?
False
Is 6023965261 composite?
True
Is 735163151 a prime number?
True
Is 438119653 a composite number?
True
Is 281247523 a prime number?
False
Is 14109940133 composite?
False
Is 12369407231 prime?
True
Is 63150679 prime?
False
Is 12583709191 a composite number?
False
Is 1547927233 a prime number?
True
Is 3236583601 a prime number?
True
Is 1209422803 prime?
True
Is 31909589 prime?
False
Is 24304735477 composite?
True
Is 18496051193 a composite number?
False
Is 7992749423 a prime number?
True
Is 196857439 prime?
True
Is 456010883 a prime number?
True
Is 25472220619 prime?
False
Is 173193976255 composite?
True
Is 2085736883 prime?
True
Is 5830964551 a composite number?
True
Is 137371133 prime?
False
Is 435185011 prime?
True
Is 50910025369 prime?
False
Is 3249646633 prime?
True
Is 791614301 composite?
False
Is 518935117 prime?
True
Is 112377375503 prime?
True
Is 74767703 prime?
False
Is 1191771541 prime?
False
Is 17087407151 prime?
False
Is 9541319659 a prime number?
True
Is 1854443159 composite?
False
Is 3721607077 a composite number?
False
Is 3641755031 a composite number?
False
Is 12952153 prime?
True
Is 1515053879 a composite number?
False
Is 232053103 prime?
False
Is 5519918851 a composite number?
True
Is 28015079 a prime number?
False
Is 1729648021 a prime number?
False
Is 185468681 a composite number?
False
Is 482902447 composite?
True
Is 4950760333 prime?
False
Is 27173621771 a prime number?
True
Is 11297592629 composite?
False
Is 1006437601 prime?
False
Is 35374958123 a composite number?
False
Is 8080589201 composite?
True
Is 49814204233 composite?
False
Is 43084152311 a prime number?
False
Is 27062822887 a composite number?
False
Is 5822752783 composite?
False
Is 856407889 a prime number?
False
Is 5117583931 prime?
True
Is 18340634041 a composite number?
False
Is 1217078341 composite?
True
Is 19687810969 a prime number?
False
Is 1143533774 prime?
False
Is 116686051 prime?
False
Is 1574872918 prime?
False
Is 12101678101 a composite number?
True
Is 69139545169 a prime number?
True
Is 24592521441 a composite number?
True
Is 550945903 a composite number?
True
Is 7112823323 a prime number?
False
Is 20650604501 composite?
False
Is 12911548223 prime?
False
Is 31305930589 a prime number?
True
Is 1861521322 composite?
True
Is 10554345647 a composite number?
True
Is 2067714581 composite?
False
Is 6707636141 composite?
False
Is 155064064499 a composite number?
False
Is 74622822949 prime?
False
Is 48269571599 a prime number?
True
Is 762114559 a prime number?
True
Is 143555661653 a composite number?
False
Is 526536011 prime?
False
Is 5586519737 a prime number?
False
Is 4780155363 prime?
False
Is 658296851 a composite number?
False
Is 42523894913 a composite number?
False
Is 81603136639 prime?
True
Is 1088890291 a prime number?
True
Is 25030730497 composite?
False
Is 31290896333 prime?
False
Is 15659653197 a composite number?
True
Is 519955651553 prime?
False
Is 195876983 a composite number?
True
Is 2617651495 a composite number?
True
Is 4469771513 a prime number?
False
Is 96531065 prime?
False
Is 48903549373 a prime number?
False
Is 8386019687 a prime number?
False
Is 545104061 a prime number?
False
Is 8811076987 composite?
False
Is 7803323677 prime?
True
Is 119082277 a composite number?
False
Is 1065630679 composite?
False
Is 5289687079 a composite number?
False
Is 21154596103 a prime number?
True
Is 63172939 composite?
True
Is 2553566953 a prime number?
False
Is 3549904541 a prime number?
True
Is 3661906643 prime?
False
Is 15607340227 a prime number?
True
Is 115146944573 prime?
True
Is 5662282313 a composite number?
False
Is 575560301 composite?
True
Is 25266670829 composite?
False
Is 2890574711 a prime number?
True
Is 17711026321 composite?
False
Is 20673338261 composite?
False
Is 124318883 composite?
True
Is 1893659267 a prime number?
False
Is 3021313 a composite number?
False
Is 5289440953 prime?
True
Is 4082551597 a prime number?
True
Is 3537386381 a composite number?
False
Is 66243401 a composite number?
True
Is 37793150609 a composite number?
True
Is 691913441 a composite number?
False
Is 24371866093 a prime number?
True
Is 56376357523 a prime number?
False
Is 15313403617 a composite number?
False
Is 11255475877 a composite number?
True
Is 20026214399 composite?
False
Is 401203589 a composite number?
False
Is 5441226187 prime?
True
Is 3967489753 prime?
True
Is 2903844319 a composite number?
False
Is 8049534419 composite?
False
Is 101025746059 a prime number?
False
Is 69795836563 composite?
False
Is 9623528311 a prime number?
True
Is 1278520039 composite?
True
Is 86639521 prime?
False
Is 132331111163 prime?
True
Is 1554031511 a prime number?
True
Is 29888803367 a composite number?
False
Is 352229113 prime?
True
Is 33066135811 a composite number?
True
Is 348271907 prime?
True
Is 6689782243 a composite number?
False
Is 75722807 prime?
True
Is 3786857201 a composite number?
True
Is 138989219 a composite number?
False
Is 542253169 composite?
True
Is 259587961 prime?
False
Is 1684401029 a prime number?
True
Is 470577329 a prime number?
False
Is 308704028887 prime?
True
Is 2208668293 prime?
False
Is 4300957189 prime?
False
Is 28161889489 prime?
False
Is 864488623 composite?
False
Is 72768410657 a prime number?
True
Is 249544754691 composite?
True
Is 17288523821 a composite number?
False
Is 61122745681 a prime number?
True
Is 23305339 composite?
False
Is 2256869081 composite?
True
Is 1017735401 composite?
False
Is 9089983933 prime?
False
Is 5594408137 prime?
True
Is 111566408449 composite?
True
Is 2329047943 prime?
True
Is 26925874387 composite?
True
Is 271204979 prime?
False
Is 1042787947 a composite number?
True
Is 193933511 a prime number?
False
Is 3536233397 a prime number?
True
Is 579395197 a prime number?
False
Is 555857119 a composite number?
False
Is 1052895497 composite?
False
Is 919165069 a composite number?
False
Is 15783934183 a composite number?
False
Is 49688705837 a prime number?
True
Is 1074281473 a prime number?
True
Is 54384345923 a prime number?
True
Is 1814811227 a composite number?
False
Is 3111251669 a composite number?
False
Is 156959590265 a prime number?
False
Is 710927027 composite?
False
Is 81109776869 a composite number?
True
Is 1422421177 prime?
False
Is 23015576663 a composite number?
False
Is 754204057 composite?
True
Is 51799049 a prime number?
False
Is 3840223477 a prime number?
True
Is 37898610257 prime?
True
Is 4584379281 prime?
False
Is 2276093257 prime?
False
Is 9399743601 a prime number?
False
Is 819493646 prime?
False
Is 1036054423 prime?
False
Is 7419347939 composite?
False
Is 43622575337 a composite number?
True
Is 3